{"id":2621,"date":"2020-07-31T20:07:57","date_gmt":"2020-07-31T19:07:57","guid":{"rendered":"http:\/\/www.logobio.fr\/?page_id=2621"},"modified":"2021-08-09T10:03:30","modified_gmt":"2021-08-09T09:03:30","slug":"adaptations","status":"publish","type":"page","link":"https:\/\/www.logobio.fr\/?page_id=2621","title":{"rendered":"Adaptations"},"content":{"rendered":"\n<p>Cet espace est d\u00e9di\u00e9 aux \u00e9l\u00e8ves \u00e0 besoins \u00e9ducatifs particuliers ainsi qu&rsquo;\u00e0 leur famille , aidants et professeurs.<\/p>\n\n\n\n<p>Il vous renvoie sur un site ayant pour ambition d&rsquo;informer et de r\u00e9fl\u00e9chir \u00e0 la notion d&rsquo;adaptation en prenant en compte l&rsquo;avis de l&rsquo;\u00e9l\u00e8ve et l&rsquo;ensemble de la communaut\u00e9 \u00e9ducative ( parents inclus).<\/p>\n\n\n\n<p><\/p>\n","protected":false},"excerpt":{"rendered":"<p>Cet espace est d\u00e9di\u00e9 aux \u00e9l\u00e8ves \u00e0 besoins \u00e9ducatifs particuliers ainsi qu&rsquo;\u00e0 leur famille , aidants et professeurs. Il vous renvoie sur un site ayant pour ambition d&rsquo;informer et de r\u00e9fl\u00e9chir \u00e0 la notion d&rsquo;adaptation en prenant en compte l&rsquo;avis de l&rsquo;\u00e9l\u00e8ve et l&rsquo;ensemble de la communaut\u00e9 \u00e9ducative ( parents inclus).<\/p>\n","protected":false},"author":1,"featured_media":2801,"parent":0,"menu_order":0,"comment_status":"closed","ping_status":"closed","template":"","meta":{"footnotes":""},"_links":{"self":[{"href":"https:\/\/www.logobio.fr\/index.php?rest_route=\/wp\/v2\/pages\/2621"}],"collection":[{"href":"https:\/\/www.logobio.fr\/index.php?rest_route=\/wp\/v2\/pages"}],"about":[{"href":"https:\/\/www.logobio.fr\/index.php?rest_route=\/wp\/v2\/types\/page"}],"author":[{"embeddable":true,"href":"https:\/\/www.logobio.fr\/index.php?rest_route=\/wp\/v2\/users\/1"}],"replies":[{"embeddable":true,"href":"https:\/\/www.logobio.fr\/index.php?rest_route=%2Fwp%2Fv2%2Fcomments&post=2621"}],"version-history":[{"count":3,"href":"https:\/\/www.logobio.fr\/index.php?rest_route=\/wp\/v2\/pages\/2621\/revisions"}],"predecessor-version":[{"id":2632,"href":"https:\/\/www.logobio.fr\/index.php?rest_route=\/wp\/v2\/pages\/2621\/revisions\/2632"}],"wp:featuredmedia":[{"embeddable":true,"href":"https:\/\/www.logobio.fr\/index.php?rest_route=\/wp\/v2\/media\/2801"}],"wp:attachment":[{"href":"https:\/\/www.logobio.fr\/index.php?rest_route=%2Fwp%2Fv2%2Fmedia&parent=2621"}],"curies":[{"name":"wp","href":"https:\/\/api.w.org\/{rel}","templated":true}]}}