{"id":1409,"date":"2016-09-14T22:42:44","date_gmt":"2016-09-14T21:42:44","guid":{"rendered":"http:\/\/www.logobio.fr\/?page_id=1409"},"modified":"2019-05-20T08:42:09","modified_gmt":"2019-05-20T07:42:09","slug":"chapitre-6-ecosystemes-et-activites-humaines","status":"publish","type":"page","link":"https:\/\/www.logobio.fr\/?page_id=1409","title":{"rendered":"Chapitre 6 : Ecosyst\u00e8mes et activit\u00e9s humaines."},"content":{"rendered":"<div id=\"pl-1409\"  class=\"panel-layout\" >\n<div id=\"pg-1409-0\"  class=\"panel-grid panel-has-style\"  data-style=\"{&quot;background_image_attachment&quot;:false,&quot;background_display&quot;:&quot;tile&quot;,&quot;row_stretch&quot;:&quot;full-stretched&quot;,&quot;cell_alignment&quot;:&quot;flex-start&quot;}\"  data-ratio=\"1\"  data-ratio-direction=\"right\" >\n<div class=\"siteorigin-panels-stretch panel-row-style panel-row-style-for-1409-0\" data-stretch-type=\"full-stretched\" >\n<div id=\"pgc-1409-0-0\"  class=\"panel-grid-cell\"  data-weight=\"1\" >\n<div id=\"panel-1409-0-0-0\" class=\"so-panel widget widget_sow-editor panel-first-child panel-last-child\" data-index=\"0\" data-style=\"{&quot;background_image_attachment&quot;:false,&quot;background_display&quot;:&quot;tile&quot;}\" >\n<div class=\"so-widget-sow-editor so-widget-sow-editor-base\">\n<div class=\"siteorigin-widget-tinymce textwidget\">\n<p><span data-contrast=\"auto\">1\/ Impact de l\u2019activit\u00e9 humaine sur les \u00e9cosyst\u00e8mes.\u00a0<\/span><\/p>\n<p><span data-contrast=\"auto\">2\/ Impact des pesticides sur les \u00e9cosyst\u00e8mes.<\/span><span data-ccp-props=\"{&quot;134233118&quot;:true,&quot;201341983&quot;:0,&quot;335559740&quot;:259}\">\u00a0<\/span><\/p>\n<p><span data-contrast=\"auto\">3\/ Impact du pr\u00e9l\u00e8vement d\u2019une ressource naturelle sur un \u00e9cosyst\u00e8me.\u00a0<\/span><\/p>\n<p><span data-contrast=\"auto\">4\/ impact du r\u00e9chauffement climatique sur la biodiversit\u00e9.\u00a0<\/span><\/p>\n<p><span data-contrast=\"auto\">5\/ Impact des activit\u00e9s humaines sur le d\u00e9placement d\u2019esp\u00e8ces.\u00a0<\/span><\/p>\n<p><span data-contrast=\"auto\">6\/ impact des activit\u00e9s humaines sur les oc\u00e9ans.\u00a0<\/span><\/p>\n<p>\u00a0<\/p>\n<\/div>\n<\/div>\n<\/div>\n<\/div>\n<\/div>\n<\/div>\n<\/div>\n","protected":false},"excerpt":{"rendered":"<p>1\/ Impact de l\u2019activit\u00e9 humaine sur les \u00e9cosyst\u00e8mes.\u00a0 2\/ Impact des pesticides sur les \u00e9cosyst\u00e8mes.\u00a0 3\/ Impact du pr\u00e9l\u00e8vement d\u2019une ressource naturelle sur un \u00e9cosyst\u00e8me.\u00a0 4\/ impact du r\u00e9chauffement climatique sur la biodiversit\u00e9.\u00a0 5\/ Impact des activit\u00e9s humaines sur le d\u00e9placement d\u2019esp\u00e8ces.\u00a0 6\/ impact des activit\u00e9s humaines sur les oc\u00e9ans.\u00a0 \u00a0<\/p>\n","protected":false},"author":1,"featured_media":0,"parent":1220,"menu_order":2,"comment_status":"closed","ping_status":"closed","template":"","meta":{"footnotes":""},"_links":{"self":[{"href":"https:\/\/www.logobio.fr\/index.php?rest_route=\/wp\/v2\/pages\/1409"}],"collection":[{"href":"https:\/\/www.logobio.fr\/index.php?rest_route=\/wp\/v2\/pages"}],"about":[{"href":"https:\/\/www.logobio.fr\/index.php?rest_route=\/wp\/v2\/types\/page"}],"author":[{"embeddable":true,"href":"https:\/\/www.logobio.fr\/index.php?rest_route=\/wp\/v2\/users\/1"}],"replies":[{"embeddable":true,"href":"https:\/\/www.logobio.fr\/index.php?rest_route=%2Fwp%2Fv2%2Fcomments&post=1409"}],"version-history":[{"count":4,"href":"https:\/\/www.logobio.fr\/index.php?rest_route=\/wp\/v2\/pages\/1409\/revisions"}],"predecessor-version":[{"id":2479,"href":"https:\/\/www.logobio.fr\/index.php?rest_route=\/wp\/v2\/pages\/1409\/revisions\/2479"}],"up":[{"embeddable":true,"href":"https:\/\/www.logobio.fr\/index.php?rest_route=\/wp\/v2\/pages\/1220"}],"wp:attachment":[{"href":"https:\/\/www.logobio.fr\/index.php?rest_route=%2Fwp%2Fv2%2Fmedia&parent=1409"}],"curies":[{"name":"wp","href":"https:\/\/api.w.org\/{rel}","templated":true}]}}