{"id":1407,"date":"2016-09-14T22:41:58","date_gmt":"2016-09-14T21:41:58","guid":{"rendered":"http:\/\/www.logobio.fr\/?page_id=1407"},"modified":"2017-05-15T23:55:01","modified_gmt":"2017-05-15T22:55:01","slug":"chapitre-5-lexploitation-des-ressources-naturelles","status":"publish","type":"page","link":"https:\/\/www.logobio.fr\/?page_id=1407","title":{"rendered":"Chapitre 5 : L&rsquo;exploitation des ressources naturelles."},"content":{"rendered":"<h1>la gestion de l&rsquo;eau<\/h1>\n<p class=\"subheading gamma pb1 pt3\"><span style=\"color: #ff0000;\">Lors de sa captation, l&rsquo;eau est trait\u00e9e afin qu&rsquo;elle devienne potable.<\/span><\/p>\n<p class=\"subheading gamma pb1 pt3\">elle subit les \u00e9tapes suivantes :<\/p>\n<p class=\"subheading gamma pb1 pt3\"><strong>D\u00e9grillage et tamisage :<\/strong>Le passage de l&rsquo;eau capt\u00e9e \u00e0 travers des grilles et tamis \u00e9limine les plus gros d\u00e9bris.<\/p>\n<p class=\"subheading gamma pb1 pt3\"><strong>Oxydation :<\/strong>Si la charge organique est tr\u00e8s importante ou s&rsquo;il y a de l&rsquo;<a class=\"tooltip-link ng-scope tooltipstered\" style=\"box-sizing: border-box; color: #50c1d9; text-decoration: underline; position: relative; cursor: pointer; font-weight: inherit !important; display: inline;\" href=\"http:\/\/www.futura-sciences.com\/sciences\/definitions\/chimie-ammoniac-2959\/\" data-color=\"purple\" data-title=\"Ammoniac\" data-number=\"\" data-copy=\"L\u2019ammoniac est un compos\u00e9 de formule chimique NH3. \u00c0 temp\u00e9rature ambiante, il se pr\u00e9sente sous la forme d\u2019un gaz incolore mais tr\u00e8s irritant et \u00e0 l\u2019odeur piquante.<br \/>Ne pas confondre ammoniac et ammoniaque<br \/>Lorsqu\u2019on dissout du gaz ammoniac dans de l\u2019eau, on obtient de l\u2019hydroxyde d\u2019ammonium,&#8230;\u00a0\u00bb data-image=\u00a0\u00bbhttp:\/\/fr.cdn.v5.futura-sciences.com\/buildsv6\/images\/midioriginal\/9\/5\/b\/95b622c18e_104841_ammoniac-usine-fotolia.jpg\u00a0\u00bb data-url=\u00a0\u00bb\/sciences\/definitions\/chimie-ammoniac-2959\/\u00a0\u00bb data-more=\u00a0\u00bbLire la suite\u00a0\u00bb><span class=\"link-wrapper\">ammoniaque<\/span><\/a>, du <a class=\"tooltip-link ng-scope tooltipstered\" href=\"http:\/\/www.futura-sciences.com\/sciences\/definitions\/chimie-fer-721\/\" data-color=\"purple\" data-title=\"Fer\" data-number=\"\" data-copy=\"On ne compte plus les expressions qui font la part belle au fer (sant\u00e9 de fer, volont\u00e9 de fer, etc.). Qu\u2019en est-il des propri\u00e9t\u00e9s de l\u2019\u00e9l\u00e9ment majoritaire de l\u2019acier ? C'est le m\u00e9tal de base des aciers et des fontes. Il se trouve sous diff\u00e9rentes formes de minerais dans la nature. Son abondance...\" data-image=\"http:\/\/fr.cdn.v5.futura-sciences.com\/buildsv6\/images\/midioriginal\/3\/5\/f\/35fd9bec12_73125_ferccwiki.jpg\" data-url=\"\/sciences\/definitions\/chimie-fer-721\/\" data-more=\"Lire la suite\"><span class=\"link-wrapper\">fer<\/span><\/a> ou du <a class=\"tooltip-link ng-scope tooltipstered\" style=\"box-sizing: border-box; color: #50c1d9; text-decoration: underline; position: relative; cursor: pointer; font-weight: inherit !important; display: inline;\" href=\"http:\/\/www.futura-sciences.com\/sciences\/definitions\/chimie-manganese-774\/\" data-color=\"purple\" data-title=\"Mangan\u00e8se\" data-number=\"\" data-copy=\"Par son aspect, le mangan\u00e8se est un cousin du fer et il est pr\u00e9sent dans de nombreux alliages. Environ 80 % de ses r\u00e9serves sont localis\u00e9es en Afrique du Sud.<br \/>G\u00e9n\u00e9ralit\u00e9s<br \/>Symbole : MnNum\u00e9ro atomique : 25\u00c9lectrons par niveau d\u2019\u00e9nergie : 2, 8, 13, 2Masse atomique : 1,008 uIsotopes les plus&#8230;\u00a0\u00bb data-image=\u00a0\u00bbhttp:\/\/fr.cdn.v5.futura-sciences.com\/buildsv6\/images\/midioriginal\/9\/8\/5\/985ab15610_73075_manganeseccwiki.jpg\u00a0\u00bb data-url=\u00a0\u00bb\/sciences\/definitions\/chimie-manganese-774\/\u00a0\u00bb data-more=\u00a0\u00bbLire la suite\u00a0\u00bb><span class=\"link-wrapper\">mangan\u00e8se<\/span><\/a> en solution, l&rsquo;<a class=\"tooltip-link ng-scope tooltipstered\" style=\"box-sizing: border-box; color: #50c1d9; text-decoration: underline; position: relative; cursor: pointer; font-weight: inherit !important; display: inline;\" href=\"http:\/\/www.futura-sciences.com\/sciences\/definitions\/chimie-oxydation-795\/\" data-color=\"purple\" data-title=\"Oxydation\" data-number=\"\" data-copy=\"Dans le langage courant, on appelle \u00ab&amp;nbsp;oxydation&amp;nbsp;\u00bb le ph\u00e9nom\u00e8ne de corrosion d\u00fb \u00e0 l\u2019oxyg\u00e8ne pr\u00e9sent dans l\u2019air ou dans l\u2019eau.<br \/>La rouille, r\u00e9sultat de l&rsquo;oxydation du fer<br \/>Ainsi, la rouille \u2013 un m\u00e9lange d\u2019oxydes et d\u2019hydroxydes de fer \u2013 est le r\u00e9sultat de l\u2019oxydation du fer.<br \/>Le terme&#8230;\u00a0\u00bb data-image=\u00a0\u00bbhttp:\/\/fr.cdn.v5.futura-sciences.com\/buildsv6\/images\/midioriginal\/1\/c\/3\/1c3d919b51_92029_oxydation.jpg\u00a0\u00bb data-url=\u00a0\u00bb\/sciences\/definitions\/chimie-oxydation-795\/\u00a0\u00bb data-more=\u00a0\u00bbLire la suite\u00a0\u00bb><span class=\"link-wrapper\">oxydation<\/span><\/a> facilite leur \u00e9limination lors de la phase de clarification. Cette \u00e9tape d&rsquo;oxydation peut se faire avec du <a class=\"tooltip-link ng-scope tooltipstered\" style=\"box-sizing: border-box; color: #50c1d9; text-decoration: underline; position: relative; cursor: pointer; font-weight: inherit !important; display: inline;\" href=\"http:\/\/www.futura-sciences.com\/sciences\/definitions\/chimie-chlore-14523\/\" data-color=\"purple\" data-title=\"Chlore\" data-number=\"\" data-copy=\"Du sel de table \u00e0 l\u2019eau de Javel, le chlore est partout autour de nous. Attention n\u00e9anmoins \u00e0 ses vapeurs jaunes...<br \/>G\u00e9n\u00e9ralit\u00e9s<br \/>Symbole : ClNum\u00e9ro atomique : 17\u00c9lectrons par niveau d\u2019\u00e9nergie : 2, 8, 7Masse atomique : 35,453 uIsotopes les plus stables : 35Cl stable avec 18 neutrons (75,77 %),&#8230;\u00a0\u00bb data-image=\u00a0\u00bbhttp:\/\/fr.cdn.v5.futura-sciences.com\/buildsv6\/images\/midioriginal\/7\/3\/6\/7362881b04_57149_piscine-geralt-pixabaycom-dp.jpg\u00a0\u00bb data-url=\u00a0\u00bb\/sciences\/definitions\/chimie-chlore-14523\/\u00a0\u00bb data-more=\u00a0\u00bbLire la suite\u00a0\u00bb><span class=\"link-wrapper\">chlore<\/span><\/a> ou de l&rsquo;<a class=\"tooltip-link ng-scope tooltipstered\" href=\"http:\/\/www.futura-sciences.com\/sciences\/definitions\/chimie-ozone-723\/\" data-color=\"purple\" data-title=\"Ozone\" data-number=\"\" data-copy=\"Gaz contenant trois atomes d'oxyg\u00e8ne dans chaque mol\u00e9cule. Pr\u00e9sent dans la haute atmosph\u00e8re, il prot\u00e8ge la Terre de la majorit\u00e9 du rayonnement ultraviolet du soleil.\" data-url=\"\/sciences\/definitions\/chimie-ozone-723\/\" data-more=\"Lire la d\u00e9finition\"><span class=\"link-wrapper\">ozone<\/span><\/a>.<\/p>\n<p class=\"subheading gamma pb1 pt3\"><strong>Clarification :<\/strong>coagulation-floculation, d\u00e9cantation et filtration<\/p>\n<p class=\"zeta py0p5\">En pr\u00e9sence de <a title=\"Eau potable : du cactus pour traiter l'eau dans les pays du tiers-monde\" href=\"http:\/\/www.futura-sciences.com\/planete\/actualites\/developpement-durable-eau-potable-cactus-traiter-eau-pays-tiers-monde-23597\/\" target=\"_blank\"><span class=\"link-wrapper\">produits coagulants et floculants<\/span><\/a>, les particules en suspension dans les eaux s&rsquo;agr\u00e8gent en flocons. Le poids de ces flocons provoque la <a class=\"tooltip-link ng-scope tooltipstered\" href=\"http:\/\/www.futura-sciences.com\/sante\/definitions\/medecine-sedimentation-2843\/\" data-color=\"pink\" data-title=\"S\u00e9dimentation\" data-number=\"\" data-copy=\"S\u00e9paration du sang en ses composants liquide (plasma) et solide (globules) ; le s\u00e9diment \u2013 la partie solide \u2013 se d\u00e9pose au fond du tube et la partie liquide surnage. La vitesse de s\u00e9dimentation est un \u00e9l\u00e9ment diagnostique utile dans la mesure o\u00f9 elle varie selon la quantit\u00e9 de globules en...\" data-url=\"\/sante\/definitions\/medecine-sedimentation-2843\/\" data-more=\"Lire la suite\"><span class=\"link-wrapper\">s\u00e9dimentation<\/span><\/a> des particules au fond des <a class=\"tooltip-link ng-scope tooltipstered\" style=\"box-sizing: border-box; color: #50c1d9; text-decoration: underline; position: relative; cursor: pointer; font-weight: inherit !important; display: inline;\" href=\"http:\/\/www.futura-sciences.com\/sante\/definitions\/medecine-bassin-8258\/\" data-color=\"pink\" data-title=\"Bassin\" data-number=\"\" data-copy=\"Le bassin est un os complexe situ\u00e9 au niveau du bas du tronc.<br \/>Localisation du bassin<br \/>Le bassin est un os constituant la jonction entre :<br \/>la colonne vert\u00e9brale ;le f\u00e9mur, au niveau de l\u2019articulation de la hanche.<br \/>Structure du bassin<br \/>Le bassin est en fait constitu\u00e9 de diff\u00e9rents os qui, assembl\u00e9s,&#8230;\u00a0\u00bb data-image=\u00a0\u00bbhttp:\/\/fr.cdn.v5.futura-sciences.com\/buildsv6\/images\/midioriginal\/5\/8\/0\/5804a6ad52_50036151_bassin-dp.jpg\u00a0\u00bb data-url=\u00a0\u00bb\/sante\/definitions\/medecine-bassin-8258\/\u00a0\u00bb data-more=\u00a0\u00bbLire la suite\u00a0\u00bb><span class=\"link-wrapper\">bassins<\/span><\/a> de d\u00e9cantation. La <a class=\"tooltip-link ng-scope tooltipstered\" href=\"http:\/\/www.futura-sciences.com\/sante\/definitions\/medecine-filtration-3380\/\" data-color=\"pink\" data-title=\"Filtration\" data-number=\"\" data-copy=\"En radiologie, le terme filtration fait r\u00e9f\u00e9rence \u00e0 tout mat\u00e9riau, g\u00e9n\u00e9ralement des m\u00e9taux, qui emp\u00eache le passage des radiations.\" data-url=\"\/sante\/definitions\/medecine-filtration-3380\/\" data-more=\"Lire la d\u00e9finition\"><span class=\"link-wrapper\">filtration<\/span><\/a> finale \u00e0 travers des filtres min\u00e9raux (<a class=\"tooltip-link ng-scope tooltipstered\" style=\"box-sizing: border-box; color: #50c1d9; text-decoration: underline; position: relative; cursor: pointer; font-weight: inherit !important; display: inline;\" href=\"http:\/\/www.futura-sciences.com\/planete\/definitions\/geologie-sable-6009\/\" data-color=\"light-green\" data-title=\"Sable\" data-number=\"\" data-copy=\"Le sable est un mat\u00e9riau granulaire compos\u00e9 de particules (quartz, micas, feldspaths) issues de la d\u00e9gradation de roches. La dimension des grains de sable est comprise entre 1\/16e de millim\u00e8tre et 2 millim\u00e8tres.<br \/>Sable artificiel<br \/>Le sable peut \u00e9galement \u00eatre obtenu de fa\u00e7on artificielle, par&#8230;\u00a0\u00bb data-image=\u00a0\u00bbhttp:\/\/fr.cdn.v5.futura-sciences.com\/buildsv6\/images\/midioriginal\/4\/e\/9\/4e957f8c38_92834_sable.jpg\u00a0\u00bb data-url=\u00a0\u00bb\/planete\/definitions\/geologie-sable-6009\/\u00a0\u00bb data-more=\u00a0\u00bbLire la suite\u00a0\u00bb><span class=\"link-wrapper\">sable<\/span><\/a>) ou des membranes permet de produire une eau limpide d\u00e9barrass\u00e9e de ses particules.<\/p>\n<p class=\"zeta py0p5\"><strong>D\u00e9sinfection :<\/strong>Les <a class=\"tooltip-link ng-scope tooltipstered\" href=\"http:\/\/www.futura-sciences.com\/sante\/definitions\/medecine-bacterie-101\/\" data-color=\"pink\" data-title=\"Bact\u00e9rie\" data-number=\"\" data-copy=\"La bact\u00e9rie est un micro-organisme ubiquiste, unicellulaire et sans noyau (procaryote) dont le g\u00e9nome est constitu\u00e9 d'ADN. Celui-ci consiste en un seul chromosome, et on note \u00e9ventuellement la pr\u00e9sence de plasmides (petit morceau d'ADN circulaire). L'ensemble des bact\u00e9ries forme le r\u00e8gne des...\" data-image=\"http:\/\/fr.cdn.v5.futura-sciences.com\/buildsv6\/images\/midioriginal\/6\/0\/9\/60955abf7d_50034153_actinomycetemcomitans-derren-ready-wellcome-images-flickr-cc-nc-nd-20.jpg\" data-url=\"\/sante\/definitions\/medecine-bacterie-101\/\" data-more=\"Lire la suite\"><span class=\"link-wrapper\">bact\u00e9ries<\/span><\/a> et virus <a class=\"tooltip-link ng-scope tooltipstered\" href=\"http:\/\/www.futura-sciences.com\/sante\/definitions\/medecine-pathogene-5179\/\" data-color=\"pink\" data-title=\"Pathog\u00e8ne\" data-number=\"\" data-copy=\"Se dit d\u2019un agent&amp;nbsp;(germe, bact\u00e9rie...)&amp;nbsp;qui engendre la maladie.\" data-url=\"\/sante\/definitions\/medecine-pathogene-5179\/\" data-more=\"Lire la d\u00e9finition\"><span class=\"link-wrapper\">pathog\u00e8nes<\/span><\/a> qui demeurent dans l&rsquo;eau sont \u00e9limin\u00e9s lors de l&rsquo;\u00e9tape de d\u00e9sinfection. On utilise pour cela du chlore, de l&rsquo;ozone ou des <a class=\"tooltip-link ng-scope tooltipstered\" href=\"http:\/\/www.futura-sciences.com\/sciences\/definitions\/physique-ultraviolet-1003\/\" data-color=\"purple\" data-title=\"Ultraviolet\" data-number=\"\" data-copy=\"Rayonnement \u00e9lectromagn\u00e9tique de longueur d'onde comprise entre 20 nm et 400 nm. On distingue les rayonnements :UVA (longueur d'onde entre 320 et 400 nm) &quot;agent du bronzage&quot;; UVB plus \u00e9nerg\u00e9tiques et partiellement arr\u00eat\u00e9s par la couche d'ozone (282 \u00e0 320 nm); UVC tr\u00e8s \u00e9nerg\u00e9tiques totalement...\" data-url=\"\/sciences\/definitions\/physique-ultraviolet-1003\/\" data-more=\"Lire la suite\"><span class=\"link-wrapper\">ultraviolets<\/span><\/a>. Une petite quantit\u00e9 de chlore reste dans l&rsquo;eau produite pour \u00e9viter un d\u00e9veloppement bact\u00e9rien plus en aval, dans le r\u00e9seau d&rsquo;eau.<\/p>\n<p class=\"subheading gamma pb1 pt3\">&nbsp;<\/p>\n<p class=\"zeta py0p5\">\u00c0 la sortie de l&rsquo;usine de potabilisation, l&rsquo;eau est achemin\u00e9e vers des r\u00e9servoirs (ch\u00e2teaux d&rsquo;eau) puis jusqu&rsquo;aux <a title=\"Peut-on boire l'eau du robinet sans danger ?\" href=\"http:\/\/www.futura-sciences.com\/planete\/questions-reponses\/eau-peut-on-boire-eau-robinet-danger-349\/\" target=\"_blank\"><span class=\"link-wrapper\">robinets<\/span><\/a>.<\/p>\n<p class=\"zeta py0p5\"><span style=\"color: #ff0000;\">Une fois utilis\u00e9e les eaux us\u00e9es sont trait\u00e9es avant d&rsquo;\u00eatre rejet\u00e9es dans l&rsquo;environnement.<\/span><\/p>\n<p class=\"zeta py0p5\">Elles subissent les traitements suivants:<\/p>\n<p align=\"left\"><strong>1. Les pr\u00e9traitements<br \/>\n<\/strong><\/p>\n<p align=\"justify\">Les pr\u00e9traitements ont pour objectif d&rsquo;\u00e9liminer les \u00e9l\u00e9ments les plus grossiers. Il s&rsquo;agit des d\u00e9chets volumineux (d\u00e9grillage), des sables et graviers (dessablage) et des graisses (d\u00e9graissage-d\u00e9shuilage).<\/p>\n<p align=\"justify\"><strong>d\u00e9grillage:<\/strong>&nbsp;les eaux us\u00e9es passent au travers d&rsquo;une grille dont les barreaux retiennent les mati\u00e8res les plus volumineuses.<\/p>\n<p align=\"justify\"><strong>tamisage:<\/strong> peut compl\u00e9ter cette phase de pr\u00e9traitement.<\/p>\n<p align=\"justify\"><strong>dessablage:<\/strong> d\u00e9barrasse les eaux us\u00e9es des sables et des graviers par s\u00e9dimentation. Ces particules sont ensuite aspir\u00e9es par une pompe. Les sables r\u00e9cup\u00e9r\u00e9s sont essor\u00e9s, puis lav\u00e9s avant d&rsquo;\u00eatre soit envoy\u00e9s en d\u00e9charge, soit r\u00e9utilis\u00e9s, selon la qualit\u00e9 du lavage.<\/p>\n<p align=\"justify\">Le <strong>d\u00e9graissage<\/strong> vise \u00e0 \u00e9liminer la pr\u00e9sence de graisses dans les eaux us\u00e9es, graisses qui peuvent g\u00eaner l&rsquo;efficacit\u00e9 des traitements biologiques qui interviennent ensuite. Le d\u00e9graissage s&rsquo;effectue par flottation. L&rsquo;injection d&rsquo;air au fond de l&rsquo;ouvrage permet la remont\u00e9e en surface des corps gras. Les graisses sont racl\u00e9es \u00e0 la surface, puis \u00e9limin\u00e9es (mise en d\u00e9charge ou incin\u00e9ration).<\/p>\n<p align=\"left\"><strong>2. Le traitement primaire<br \/>\n<\/strong><\/p>\n<p align=\"justify\">Le traitement \u00ab&nbsp;primaire&nbsp;\u00bb fait appel \u00e0 des proc\u00e9d\u00e9s physiques, avec d\u00e9cantation plus ou moins aboutie, \u00e9ventuellement assortie de proc\u00e9d\u00e9s physico-chimiques, tels que la coagulation-floculation.<\/p>\n<p align=\"justify\">&#8211;&nbsp;La <strong>d\u00e9cantation primaire<\/strong> classique consiste en une s\u00e9paration des \u00e9l\u00e9ments liquides et des \u00e9l\u00e9ments solides sous l&rsquo;effet de la pesanteur.<\/p>\n<p align=\"left\"><strong>3. Les traitements \u00ab&nbsp;secondaires&nbsp;\u00bb, l&rsquo;\u00e9limination biologique des mati\u00e8res polluantes<\/strong><\/p>\n<p align=\"left\"><em>a) Les traitements biologiques :<\/em>&nbsp;Les traitements biologiques reproduisent les ph\u00e9nom\u00e8nes d&rsquo;auto\u00e9puration existant dans la nature. L&rsquo;auto\u00e9puration regroupe l&rsquo;ensemble des processus par lesquels un milieu aquatique parvient \u00e0 retrouver sa qualit\u00e9 d&rsquo;origine apr\u00e8s une pollution.<\/p>\n<p align=\"justify\">Les techniques d&rsquo;\u00e9puration biologique utilisent l&rsquo;activit\u00e9 des bact\u00e9ries pr\u00e9sentes dans l&rsquo;eau, qui d\u00e9gradent les mati\u00e8res organiques. En France, c&rsquo;est aujourd&rsquo;hui le proc\u00e9d\u00e9 des \u00ab&nbsp;boues activ\u00e9es&nbsp;\u00bb (<em>cf. infra)<\/em> qui est le plus r\u00e9pandu dans les stations d&rsquo;\u00e9puration assurant un traitement secondaire.<\/p>\n<p align=\"left\">&nbsp;<\/p>\n<p align=\"left\"><strong>4. Clarification et rejet des effluents<br \/>\n<\/strong><\/p>\n<p align=\"justify\">A l&rsquo;issue des traitements, une ultime d\u00e9cantation permet de s\u00e9parer l&rsquo;eau \u00e9pur\u00e9e et les boues ou r\u00e9sidus secondaires issus de la d\u00e9gradation des mati\u00e8res organiques. Cette d\u00e9cantation est op\u00e9r\u00e9e dans des bassins sp\u00e9ciaux, les <strong>clarificateurs<\/strong>. L&rsquo;eau \u00e9pur\u00e9e peut alors \u00eatre rejet\u00e9e dans le milieu naturel.<\/p>\n<p align=\"left\"><strong>5. La d\u00e9sinfection<br \/>\n<\/strong><\/p>\n<p align=\"justify\">Les traitements primaires et secondaires ne d\u00e9truisent pas compl\u00e8tement les germes pr\u00e9sents dans les rejets domestiques. Des proc\u00e9d\u00e9s d&rsquo;\u00e9limination suppl\u00e9mentaires sont donc employ\u00e9s lorsque les eaux trait\u00e9es sont rejet\u00e9es en zone de baignade ou de pisciculture.<\/p>\n<p align=\"justify\">Le <strong>chlore<\/strong> est le d\u00e9sinfectant le plus courant. Mais la d\u00e9sinfection peut \u00e9galement s&rsquo;effectuer avec l&rsquo;<strong>ozone<\/strong> ou le <strong>brome<\/strong>, voire le <strong>dioxyde de chlore<\/strong>.<\/p>\n<p align=\"left\"><strong>5. Les traitements compl\u00e9mentaires<\/strong><\/p>\n<p align=\"justify\"><strong>L&rsquo;\u00e9limination de l&rsquo;azote<\/strong><\/p>\n<p align=\"justify\">Les stations d&rsquo;\u00e9puration pr\u00e9vues pour \u00e9liminer les mati\u00e8res carbon\u00e9es n&rsquo;\u00e9liminent qu&rsquo;environ 20&nbsp;% de l&rsquo;azote pr\u00e9sent dans les eaux us\u00e9es. Pour satisfaire aux normes de rejet en zones sensibles, des traitements compl\u00e9mentaires doivent \u00eatre mis en place.<\/p>\n<p align=\"justify\">L&rsquo;azote organique se transforme dans les eaux us\u00e9es en azote ammoniacal (NH<sub>4+<\/sub>). L&rsquo;\u00e9limination de l&rsquo;azote ammoniacal est, le plus souvent, obtenue gr\u00e2ce \u00e0 des traitements biologiques, de \u00ab&nbsp;<strong>nitrification-d\u00e9nitrification<\/strong>&nbsp;\u00bb. La nitrification consiste en une transformation, par des cultures bact\u00e9riennes, de l&rsquo;azote ammoniacal en nitrates (NO<sub>3<\/sub>), une forme oxyd\u00e9e de l&rsquo;azote. Une seconde phase, la <strong>d\u00e9nitrification<\/strong>, compl\u00e8te le processus. Les nitrates, sous l&rsquo;action de bact\u00e9ries \u00ab&nbsp;d\u00e9nitrifiantes&nbsp;\u00bb, sont transform\u00e9s en azote gazeux. Ce gaz s&rsquo;\u00e9chappe alors dans l&rsquo;atmosph\u00e8re.<\/p>\n<p align=\"justify\"><strong>L&rsquo;\u00e9limination du phosphore<\/strong><\/p>\n<p align=\"justify\">L&rsquo;\u00e9limination du phosphore, ou \u00ab&nbsp;<strong>d\u00e9phosphatation<\/strong>&nbsp;\u00bb, peut \u00eatre r\u00e9alis\u00e9e par des voies physico-chimiques ou biologiques.<\/p>\n<p align=\"justify\">En ce qui concerne les <strong>traitements physico-chimiques<\/strong>, l&rsquo;adjonction de r\u00e9actifs, comme des sels de fer ou d&rsquo;aluminium, permet d&rsquo;obtenir une pr\u00e9cipitation de phosphates insolubles et leur \u00e9limination par d\u00e9cantation. Ces techniques, les plus utilis\u00e9es actuellement, \u00e9liminent entre 80 et 90&nbsp;% du phosphore, mais engendrent une importante production de boues.<\/p>\n<p align=\"justify\">La <strong>d\u00e9phosphatation biologique<\/strong> consiste \u00e0 provoquer l&rsquo;accumulation du phosphore dans les cultures bact\u00e9riennes des boues. Le rendement moyen est d&rsquo;environ 60&nbsp;%.<\/p>\n<p class=\"zeta py0p5\">&nbsp;<\/p>\n<p class=\"zeta py0p5\">&nbsp;<\/p>\n","protected":false},"excerpt":{"rendered":"<p>la gestion de l&rsquo;eau Lors de sa captation, l&rsquo;eau est trait\u00e9e afin qu&rsquo;elle devienne potable. elle subit les \u00e9tapes suivantes : D\u00e9grillage et tamisage :Le passage de l&rsquo;eau capt\u00e9e \u00e0 travers des grilles et tamis \u00e9limine les plus gros d\u00e9bris. Oxydation :Si la charge organique est tr\u00e8s importante ou s&rsquo;il y a de l&rsquo;<\/p>\n","protected":false},"author":1,"featured_media":0,"parent":1220,"menu_order":2,"comment_status":"closed","ping_status":"closed","template":"","meta":{"footnotes":""},"_links":{"self":[{"href":"https:\/\/www.logobio.fr\/index.php?rest_route=\/wp\/v2\/pages\/1407"}],"collection":[{"href":"https:\/\/www.logobio.fr\/index.php?rest_route=\/wp\/v2\/pages"}],"about":[{"href":"https:\/\/www.logobio.fr\/index.php?rest_route=\/wp\/v2\/types\/page"}],"author":[{"embeddable":true,"href":"https:\/\/www.logobio.fr\/index.php?rest_route=\/wp\/v2\/users\/1"}],"replies":[{"embeddable":true,"href":"https:\/\/www.logobio.fr\/index.php?rest_route=%2Fwp%2Fv2%2Fcomments&post=1407"}],"version-history":[{"count":3,"href":"https:\/\/www.logobio.fr\/index.php?rest_route=\/wp\/v2\/pages\/1407\/revisions"}],"predecessor-version":[{"id":1769,"href":"https:\/\/www.logobio.fr\/index.php?rest_route=\/wp\/v2\/pages\/1407\/revisions\/1769"}],"up":[{"embeddable":true,"href":"https:\/\/www.logobio.fr\/index.php?rest_route=\/wp\/v2\/pages\/1220"}],"wp:attachment":[{"href":"https:\/\/www.logobio.fr\/index.php?rest_route=%2Fwp%2Fv2%2Fmedia&parent=1407"}],"curies":[{"name":"wp","href":"https:\/\/api.w.org\/{rel}","templated":true}]}}